
False
Is 187 a factor of 1020272?
True
Does 46 divide 29029910?
True
Is 2748192 a multiple of 16?
True
Does 83 divide 366856?
False
Does 241 divide 809766?
False
Is 19942192 a multiple of 16?
True
Is 132 a factor of 2028251?
False
Does 288 divide 215424?
True
Does 12 divide 3267120?
True
Does 18 divide 675306?
True
Does 49 divide 78351?
True
Does 236 divide 470119?
False
Is 1262700 a multiple of 1150?
True
Is 7 a factor of 30982?
True
Is 426 a factor of 8098446?
False
Does 29 divide 4827804?
True
Is 936021 a multiple of 62?
False
Is 41 a factor of 1406395?
False
Does 46 divide 277104?
True
Does 14 divide 6353959?
False
Does 9 divide 744990?
False
Does 18 divide 437638?
False
Is 114625 a multiple of 35?
True
Does 280 divide 120996?
False
Is 41336 a multiple of 128?
False
Is 21 a factor of 828366?
True
Is 49 a factor of 19600?
True
Is 205212 a multiple of 49?
True
Is 646 a factor of 368866?
True
Does 123 divide 1180076?
False
Is 1691 a factor of 21621126?
True
Does 688 divide 3236352?
True
Is 74 a factor of 135283?
False
Is 53 a factor of 243361?
False
Does 255 divide 5216790?
True
Does 391 divide 5128747?
True
Is 260652 a multiple of 12?
True
Is 38 a factor of 14941884?
False
Does 254 divide 6227742?
False
Does 647 divide 11094756?
True
Does 11 divide 1744168?
False
Is 51 a factor of 4049553?
True
Is 89 a factor of 135961?
False
Does 94 divide 5049304?
True
Is 22420590 a multiple of 295?
True
Is 4702575 a multiple of 15?
True
Is 893090 a multiple of 346?
False
Is 972253 a multiple of 79?
True
Does 3 divide 194385?
True
Is 7 a factor of 162246?
True
Is 38 a factor of 1542265?
False
Does 21 divide 19084199?
False
Is 149 a factor of 300442?
False
Does 419 divide 157963?
True
Is 1435200 a multiple of 325?
True
Is 24808 a multiple of 8?
True
Is 224802 a multiple of 8?
False
Is 260223 a multiple of 293?
False
Is 580108 a multiple of 17?
True
Is 241 a factor of 824297?
False
Is 110 a factor of 16170?
True
Is 15 a factor of 1236769?
False
Does 17 divide 127772?
True
Is 28258 a multiple of 71?
True
Is 22158664 a multiple of 22?
True
Is 4374084 a multiple of 82?
False
Does 64 divide 2130595?
False
Is 8 a factor of 52888?
True
Does 176 divide 28160?
True
Is 51 a factor of 1280610?
True
Is 5 a factor of 1426030?
True
Is 125 a factor of 182432?
False
Is 256 a factor of 4192574?
False
Is 284493 a multiple of 233?
True
Does 36 divide 478395?
False
Does 19 divide 6053982?
False
Is 150486 a multiple of 25?
False
Does 208 divide 1384656?
True
Is 51 a factor of 319804?
False
Is 16 a factor of 581048?
False
Is 23 a factor of 260718?
False
Does 1592 divide 16416704?
True
Is 40 a factor of 244751?
False
Does 4 divide 764684?
True
Is 311 a factor of 354357?
False
Is 115474 a multiple of 61?
False
Is 111 a factor of 22035942?
True
Is 549637 a multiple of 11?
True
Does 96 divide 65856?
True
Is 1457158 a multiple of 272?
False
Is 201762 a multiple of 6?
True
Is 84 a factor of 97356?
True
Does 11 divide 64195?
False
Is 192 a factor of 1478751?
False
Is 122 a factor of 639402?
True
Does 7 divide 221088?
True
Is 1112350 a multiple of 10?
True
Is 228811 a multiple of 11?
True
Is 7 a factor of 76370?
True
Does 4 divide 12375490?
False
Is 39 a factor of 8250009?
False
Does 1152 divide 13873230?
False
Does 10 divide 64?
False
Is 56 a factor of 605808?
True
Is 100880 a multiple of 388?
True
Is 9611298 a multiple of 18?
True
Is 4437910 a multiple of 720?
False
Is 53 a factor of 242687?
True
Does 60 divide 416040?
True
Is 339476 a multiple of 129?
False
Does 12 divide 10522392?
True
Is 176424 a multiple of 24?
True
Is 2080465 a multiple of 23?
True
Is 18 a factor of 125064?
True
Is 2712052 a multiple of 274?
True
Is 76 a factor of 272536?
True
Is 1273 a factor of 15142335?
True
Does 57 divide 10577356?
False
Is 22584 a multiple of 5?
False
Is 69 a factor of 716841?
True
Does 699 divide 1119107?
False
Is 3 a factor of 21500?
False
Is 66538 a multiple of 61?
False
Is 7527296 a multiple of 62?
True
Is 9250 a multiple of 50?
True
Does 11 divide 1610226?
False
Is 10 a factor of 21334?
False
Is 16768038 a multiple of 19?
False
Is 9 a factor of 152082?
True
Is 12204108 a multiple of 11?
False
Is 543438 a multiple of 82?
False
Is 117 a factor of 988608?
False
Is 19 a factor of 993551?
False
Is 1637574 a multiple of 24?
False
Is 19 a factor of 269629?
True
Is 10 a factor of 3867730?
True
Is 2622864 a multiple of 318?
True
Does 185 divide 7379882?
False
Is 75 a factor of 2475?
True
Does 4 divide 428336?
True
Is 882 a factor of 323323?
False
Is 189 a factor of 159138?
True
Does 20 divide 1006700?
True
Is 9283716 a multiple of 166?
True
Does 15 divide 851655?
True
Does 178 divide 242385?
False
Is 945165 a multiple of 13?
True
Is 81814 a multiple of 38?
True
Is 15 a factor of 237810?
True
Is 30681 a multiple of 109?
False
Is 400624 a multiple of 49?
True
Does 57 divide 17085465?
True
Is 24082 a multiple of 54?
False
Is 57 a factor of 1933246?
False
Does 4 divide 1205204?
True
Is 14 a factor of 20438129?
False
Is 88363 a multiple of 277?
True
Does 10 divide 1984304?
False
Does 8 divide 194384?
True
Is 1040 a factor of 563548?
False
Does 44 divide 326846?
False
Is 291 a factor of 30921?
False
Is 24 a factor of 9957792?
True
Does 456 divide 181985?
False
Is 166923 a multiple of 9?
True
Does 287 divide 89544?
True
Does 9 divide 13587961?
False
Does 14 divide 66346?
True
Does 15 divide 676440?
True
Does 1041 divide 15186770?
False
Is 4318314 a multiple of 719?
True
Is 251 a factor of 7033522?
True
Is 725 a factor of 1627674?
False
Is 160218 a multiple of 86?
True
Does 5 divide 4019?
False
Does 489 divide 4076833?
False
Is 30 a factor of 1223728?
False
Does 73 divide 97090?
True
Is 14 a factor of 4889840?
False
Does 16 divide 395808?
True
Does 34 divide 17483817?
False
Is 128 a factor of 13703680?
True
Does 926 divide 2242526?
False
Is 1050 a factor of 11580463?
False
Does 36 divide 152946?
False
Is 83 a factor of 176126?
True
Is 143 a factor of 613041?
True
Is 6 a factor of 27820?
False
Is 1054440 a multiple of 20?
True
Is 3332030 a multiple of 710?
True
Is 93 a factor of 14384589?
True
Does 32 divide 3269888?
True
Is 186784 a multiple of 13?
True
Does 15 divide 133105?
False
Is 301920 a multiple of 111?
True
Is 7 a factor of 2253557?
False
Does 468 divide 79091?
False
Is 128454 a multiple of 720?
False
Does 262 divide 163355?
False
Is 4 a factor of 143908?
True
Is 101 a factor of 1811400?
False
Is 1035832 a multiple of 28?
True
Is 5765850 a multiple of 48?
False
Is 4956288 a multiple of 48?
True
Is 2200 a factor of 17182000?
True
Is 3583813 a multiple of 2006?
False
Does 733 divide 16126?
True
Is 2835826 a multiple of 49?
True
Is 3 a factor of 95273?
False
Is 166 a factor of 107402?
True
Is 575 a factor of 2959177?
False
Is 19714311 a multiple of 78?
False
Is 12 a factor of 131844?
True
Is 1817190 a multiple of 61?
True
Does 6 divide 442698?
True
Does 450 divide 760474?
False
Is 97447 a multiple of 7?
True
Is 36 a factor of 342540?
True
Is 67275 a multiple of 11?
False
Does 17 divide 216461?
True
Is 236 a factor of 6313543?
False
Is 18955 a multiple of 5?
True
Does 17 divide 838893?
False
Is 103 a factor of 166315?
False
Is 39 a factor of 1104659?
False
Does 40 divide 239320?
True
Does 18 divide 199387?
False
Is 8 a factor of 8533922?
False
Is 39 a factor of 1714486?
False
Does 65 divide 238189?
False
Does 36 divide 1212228?
True
Does 47 divide 324497?
False
Does 144 divide 342432?
True
Is 170 a factor of 11382531?
False
Is 886 a factor of 2307144?
True
Is 34 a factor of 3880846?
False
Is 80772 a multiple of 49?
False
Does 1384 divide 3778320?
True
Is 97380 a multiple of 9?
True
Is 2977815 a multiple of 14?
False
Is 114145 a multiple of 185?
True
Is 90402 a multiple of 10?
False
Is 139 a factor of 48625?
False
Is 108026 a multiple of 41?
False
Is 141560 a multiple of 15?
False
Is 214688 a multiple of 251?
False
Does 189 divide 2071016?
False
Is 156 a factor of 9381382?
False
Is 2741437 a multiple of 238?
False
Is 11233620 a multiple of 10?
True
Is 22200 a multiple of 6?
True
Is 85 a factor of 152150?
True
Is 1552089 a multiple of 19?
False
Is 853478 a multiple of 9?
False
Does 442 divide 538533?
False
Is 576064 a multiple of 64?
True
Is 15 a factor of 57107?
False
Is 24 a factor of 2285712?